. Calculate the highest common divisor of w and 27.
3
Suppose -8 = w + 3*w, -4*p + 2*w = -20. Suppose -44 = -p*f - o, -5*o - 25 = 5*f - 95. What is the highest common divisor of 110 and f?
10
Let k = -10 + 20. What is the highest common factor of k and 15?
5
Let g = 0 + -6. Let x(m) = -m**3 - 7*m**2 + 6*m - 11. Let w be x(-8). Let v be (-40)/12*g/w. Calculate the highest common divisor of v and 44.
4
Suppose -6 = 2*x + 4*i, i + 4*i = -2*x - 9. Let r(s) = -s**2 + 4*s - 1. Let c be r(x). Calculate the highest common factor of c and 6.
2
Let v(n) = n - 22. Let f be v(0). Let b = 18 - f. What is the highest common factor of 10 and b?
10
Let l = -36 - -81. Calculate the greatest common factor of l and 15.
15
Let c = -5 + 2. Let x be (16/(-4))/(-2) - c. Calculate the greatest common divisor of x and 5.
5
Suppose 0 = x + 5*p + 9, -4*x = -0*x + 2*p - 54. Calculate the highest common divisor of 4 and x.
4
Suppose 0 = -4*f - 1 + 53. Suppose -h + 1 + 12 = 0. What is the highest common divisor of h and f?
13
Suppose 5*l - 2*i - 95 = 0, -3*l + 24 + 64 = 5*i. Calculate the highest common factor of l and 84.
21
Suppose -2*y - 1 = g, 4*g - 10 = 5*y - g. Let l(q) = 1 - 5*q**3 - 7*q**3 + 5*q**3. Let j be l(y). Calculate the highest common divisor of j and 24.
8
Let r(x) = x + 10. Let s(q) = -q**2 - 10*q - 10. Let p be s(-8). Let h be r(p). Let j be (1/2)/((-1)/(-16)). What is the greatest common factor of j and h?
8
Let h = 46 - 14. What is the highest common factor of h and 24?
8
Suppose 4*a + 5*c = 260, c - 2*c = -4. What is the highest common factor of a and 150?
30
Let q = -26 - -17. Let v = -5 - q. Suppose 0 = -v*j + j + 15. What is the greatest common divisor of j and 1?
1
Let s(v) = -2*v - 15. Let o be s(-10). Suppose 0 = 2*u - 2*j - 18, -o*j - 10 - 11 = -u. Suppose 2*k - 6 = 126. Calculate the highest common divisor of k and u.
6
Let m be 164/10 + (-4)/10. Suppose 3*t - 323 = 109. What is the greatest common divisor of t and m?
16
Let a be (-3357)/(-24) + (6/(-16))/(-3). Calculate the highest common factor of 28 and a.
28
Let o(d) = -d**2 + 14*d - 28. Let w be o(8). What is the greatest common divisor of w and 8?
4
Let g = -15 + 24. Let p(w) = -162*w + 5. Let f(s) = -243*s + 8. Let b(a) = 5*f(a) - 8*p(a). Let y be b(1). Calculate the greatest common divisor of g and y.
9
Suppose -136 + 40 = -3*i. Calculate the highest common divisor of 16 and i.
16
Suppose 4*k + 23 = 5*k. Calculate the greatest common divisor of k and 184.
23
Suppose -f = 2*f - 33. Suppose -3*n - 132 = -7*n. Calculate the greatest common divisor of f and n.
11
Let a(c) = -c + 43. Let j be a(19). Calculate the highest common divisor of j and 18.
6
Let g(m) = 171*m**3 - m. Let c be g(1). Calculate the greatest common divisor of c and 17.
17
Suppose 3*o - 368 = 2*i, 0 = 2*o - 2*i - 369 + 127. Calculate the greatest common divisor of 21 and o.
21
Let a = -62 + 146. Calculate the greatest common divisor of 28 and a.
28
Let i be ((-34)/(-6))/((-3)/(-9)). Let l(p) = -p**2 + p + 17. Let d(k) = k - 7. Let a be d(7). Let o be l(a). Calculate the highest common factor of i and o.
17
Let g(t) = -49*t - 19. Let b be g(-6). Calculate the highest common divisor of 25 and b.
25
Let d be (-1008)/(-54) - (-2)/6. Suppose 2*j = d + 3. Suppose 4*h - 11 = 3*h. Calculate the highest common divisor of h and j.
11
Suppose -b + 13 = -3*r - 4, 0 = -b + r + 9. Suppose o - 2*t + 2 = 0, 0*o - 2 = 3*o - 4*t. Calculate the highest common divisor of b and o.
1
Let x = -21 + 56. Suppose c = 4*c - 42. What is the highest common factor of c and x?
7
Let i = 19 + -10. Let x be 0/(1 + -2) + 0. Suppose 4*s - 4*c - 236 = s, x = 2*s - 2*c - 154. What is the highest common factor of i and s?
9
Let f(s) = s**2 + 5*s - 4. Let j be f(-5). Let u be (-15)/(((-3)/j)/(-1)). What is the highest common factor of u and 5?
5
Let y = -19 - -19. Suppose y = -2*s - h + 17 + 16, 3*s = -3*h + 42. Calculate the greatest common factor of 76 and s.
19
Suppose -3*x + 17 = 5*k - 25, -2*x + 26 = 3*k. Let n be 2/(-4)*(1 - 1). Let o = n + k. Calculate the highest common factor of o and 3.
3
Let g(h) = -13*h - 1. Let k be (-8 + 11)*(-1)/3. Let z be g(k). Calculate the highest common divisor of 36 and z.
12
Let y = -444 + 631. What is the greatest common factor of y and 17?
17
Let h = 9 - -12. Suppose 4*k - 20 - 29 = 3*y, 3*k + 3*y = h. Calculate the highest common divisor of k and 20.
10
Suppose 0*i = 2*m + 4*i + 14, m = -5*i - 16. Let p be (2/(-1))/m - -14. What is the highest common divisor of 64 and p?
16
Suppose 7*d = 2*d + 90. Let u = -3 - -9. What is the highest common divisor of d and u?
6
Suppose -5*f + 118 = -4*y, -2*y = -7*f + 2*f + 124. Suppose -130 = -6*a + 4*a. What is the highest common divisor of a and f?
13
Suppose -79*x + 12 = -78*x. Calculate the highest common divisor of x and 9.
3
Let y be 2/3 + (-1 - 4/(-3)). Calculate the highest common factor of y and 2.
1
Suppose -3*g - 3 - 6 = 0. Let x = 3 + g. Let u be (-1*2 - x) + 35. What is the greatest common divisor of u and 11?
11
Suppose -2*v = -3*v + 20. Let z(g) = -g**2 - 5*g + 1. Let o be z(-4). Suppose -o + 45 = 5*w. What is the highest common divisor of w and v?
4
Let c be ((-4)/12)/((-2)/12). Suppose -3*y = -3*n - 6, -2*n - 4*y + c = -6. Suppose -2*x + 5 + 21 = n. What is the greatest common factor of 65 and x?
13
Let x be (-135)/(-10) - (-3)/(-2). Let m be x/42 + (-24)/(-14). Suppose 3*p - 50 = m*p. Calculate the greatest common factor of 20 and p.
10
Suppose 3 + 12 = 3*l. What is the greatest common divisor of l and 1?
1
Let g(s) = s**2 + 12*s - 8. Let d be g(-14). Suppose 3*t + 7 = -8, -4*m - 4*t + d = 0. What is the highest common divisor of m and 70?
10
Let t(l) = 4*l - 24. Let z be t(8). Calculate the greatest common factor of 40 and z.
8
Suppose 3*f - 5*g - 511 = -25, -486 = -3*f + 2*g. Calculate the greatest common divisor of 18 and f.
18
Suppose 2*f + 2 = x, -14 = -2*x - 0*f + 2*f. Let v = -6 - -10. What is the highest common divisor of v and x?
4
Let n = 3 + -2. Let r be (-7)/(-2) - n/(-2). Suppose 2*u - 260 = -4*w, 0*u + r*u - 136 = -2*w. Calculate the highest common factor of w and 8.
8
Suppose 2*l - 13 = 23. Let h(k) = k**3 + 6*k**2 - k + 3. Let z be h(-6). What is the greatest common divisor of l and z?
9
Let z(i) = 18*i**3 - i + 1. Let h be z(1). Suppose 3*q + 0*x = 4*x + 151, 5*q = -5*x + 205. Calculate the greatest common factor of h and q.
9
Let c(y) = y + 12. Let b be c(-7). Suppose 5*r - 31 = 4*r + 3*j, -3*r + 129 = 3*j. What is the greatest common factor of b and r?
5
Suppose -26 = 4*f - 5*f. Let u be 78/9 + 2/(-3). Suppose 57 = 5*j - u. Calculate the greatest common divisor of j and f.
13
Suppose -3*r - 216 = -2*y + 26, 4*y - 4*r = 484. What is the highest common factor of 11 and y?
11
Let k be 1 + 0 + 1 - 1. Suppose 16 = 6*p - 38. What is the highest common divisor of k and p?
1
Suppose -5*k = -f + 419, -f + k + 185 = -218. Suppose 0 = 6*z - f - 81. Calculate the highest common factor of 16 and z.
16
Suppose -1 = 3*f - 2*f, 5*f = y - 113. Let v = 16 - 4. What is the greatest common factor of y and v?
12
Let m = -2 + 66. What is the highest common divisor of m and 16?
16
Let x = 84 - 41. Suppose 4*g + p - x = 0, p = 2*p + 5. Suppose 0 = 3*h - 20 + 2. What is the highest common divisor of g and h?
6
Let o = 27 - 5. Calculate the highest common factor of 22 and o.
22
Let t be (-2 + 1 - -8)*3. What is the highest common divisor of 147 and t?
21
Let y be -2*(-1)/4*2. Let j(b) = 3*b**2 - 2*b + 1. Let u be j(y). Suppose 0 = -w + u*w - 11. Calculate the highest common divisor of w and 1.
1
Suppose 44 = 3*g - 1. Let o be ((-18)/(-4))/(g/20). Calculate the highest common factor of o and 18.
6
Let c(o) = o**3 + 8*o**2 + 6*o - 1. Let l be c(-7). Let r(g) = 4*g + 6. Let q be r(9). What is the greatest common divisor of l and q?
6
Let g be 7/(((-10)/(-22))/5). What is the highest common factor of 11 and g?
11
Suppose q - 19 + 6 = 0. What is the highest common factor of q and 13?
13
Let y(q) = -4*q + 4. Let a be y(-4). Let f = a - 10. What is the highest common factor of 30 and f?
10
Let s(w) = w**3 - 4*w**2 - 6*w + 4. Let r be s(6). Let j = r + -16. What is the greatest common divisor of j and 240?
24
Let b(o) = o**3 - 4*o**2 + 5*o - 4. Let z be b(3). Suppose 0*g + g